are the prime factors of a?
2, 5
Let u = 1336 + -784. What are the prime factors of u?
2, 3, 23
Let k be (-5)/((-20)/1432)*2/4. Suppose 67 + k = 6*r. List the prime factors of r.
41
Let t = -31 - -53. Let h = t + 17. Suppose 0 = -3*c + 120 - h. List the prime factors of c.
3
Let m(n) = 4*n**2 + 7 + 5 - 27*n**3 + 26*n**3 + 4*n. What are the prime factors of m(-5)?
7, 31
Suppose 3*h = -7*i + 4*i + 2718, -4540 = -5*h - 3*i. List the prime factors of h.
911
Let y(a) be the first derivative of -3/2*a**2 - 2 + 10*a. List the prime factors of y(-5).
5
Let k = 65 - 120. Let v = 129 + k. What are the prime factors of v?
2, 37
Let n(a) = -5*a + 5. Let v be n(2). What are the prime factors of (v + (-135)/(-20))/((-1)/(-4))?
7
Suppose g - 2*g = -3. Suppose -q - g*q - 112 = 0. List the prime factors of (-624)/q + (-2)/7.
2, 11
Let r be -649 - 2/(-3 - -1). What are the prime factors of r/(-13) - 4/(-26)?
2, 5
Suppose -5*p = -5*o, -2*o - 15 = -o + 2*p. Let i(r) = 3*r**2 + r + 1. List the prime factors of i(o).
71
Let h = -5 + 30. Suppose 4*d - 4*k = 92, h = 3*d - k - 50. What are the prime factors of d?
2, 13
Let m(k) = k + 4. Let d be m(-2). Suppose 0 = -z - 10 + d. Let g(a) = a**2 + 4*a + 6. List the prime factors of g(z).
2, 19
Let m be ((-30)/(-2))/5 + 59. Let n = m + -46. What are the prime factors of n?
2
Let b = 5709 - 305. List the prime factors of b.
2, 7, 193
Suppose -95824 = -51*t - 2*t. List the prime factors of t.
2, 113
Suppose 6 = -2*a + 10. Suppose -3*k = -5*f + 275, -a*k + 21 = -5*f + 291. List the prime factors of f.
2, 13
Suppose 10*s = 1626 + 1334. Let r = -207 + s. List the prime factors of r.
89
Let y = 72 + -108. Let j = 119 + y. List the prime factors of j.
83
Let d(w) = -2*w**2 + 3*w**2 + 4*w - 4*w**2 + 4 - w**3. Suppose 4*u = 4*s + s - 35, -5*s + 30 = -3*u. List the prime factors of d(u).
2, 17
Suppose 98*k = 142*k - 152328. List the prime factors of k.
2, 3, 577
Suppose -3*y = -2*d + 23, -3*d + 19 = -2*y - 18. Suppose 0 = 4*h - 3*q - 12, 4*q - 1 + d = 4*h. Suppose b = -h*b + 12. List the prime factors of b.
3
Let w be ((-2)/3)/(6/27). Let f(k) = 3*k**2 + k - 2. Let c(n) = n**2 - 1. Let d(v) = -8*c(v) + 3*f(v). What are the prime factors of d(w)?
2
Suppose 7*w + 4 = 11*w, 2*x - w - 13 = 0. What are the prime factors of x?
7
Let h = 32 - 31. What are the prime factors of -3 + -3 + (35 - h)?
2, 7
Let j(v) = -4*v + 20. Let y be j(-14). Let a be y/(-3*(-4)/6). Suppose -3*h + a = 2*q, -4*q + 0*h + 92 = 2*h. List the prime factors of q.
5
Let x be (-2 + 36)*(-3)/6. Let r = x - -20. Suppose 192 = r*m + 45. What are the prime factors of m?
7
Let m = 2372 - 1341. List the prime factors of m.
1031
Let i = 2901 - 1132. List the prime factors of i.
29, 61
What are the prime factors of (-1961*6/12)/(3/(-6))?
37, 53
Let w be (98 - 16) + (0 + -2 - 1). Suppose q + 2*g - 110 = 0, -47 = -q + 2*g + w. What are the prime factors of q?
2, 59
Let a = -1187 + 1212. What are the prime factors of a?
5
Suppose 7*q - z - 15 = 4*q, -2*q + 20 = -4*z. What are the prime factors of 9/q*(-368)/(-4)?
3, 23
Let v(b) = -b**3 - 11*b**2 - b - 5. Let k be v(-11). Let x(z) = -9*z - 3 - k*z + 2*z. What are the prime factors of x(-3)?
2, 3
Suppose z + l + 0 + 4 = 0, 2*z = l + 1. What are the prime factors of 115 - (2 + 1)*z?
2, 59
Let s(o) = -o**2 + 6*o - 3. Let w be s(6). Let a be w/((-4)/(-4))*1. Let j = a - -10. List the prime factors of j.
7
Let i = 136 + 637. List the prime factors of i.
773
Let v(u) = u**3 + 38*u**2 + 6*u + 4 - 26*u**2 - 24*u. What are the prime factors of v(-13)?
3, 23
Let d(f) = -4*f + 11. Let l be d(-18). Let c = -50 + l. List the prime factors of c.
3, 11
Suppose -g - 14*h + 315 = -10*h, 2*g - 630 = -3*h. What are the prime factors of g?
3, 5, 7
Suppose -5*r + 1410 = 4*f, 2*r + 2*r + 1742 = 5*f. List the prime factors of f.
2, 5, 7
Suppose -1646 + 106 = -7*p. What are the prime factors of p?
2, 5, 11
Let f(w) = -2*w - 10. Let s be f(-7). Suppose 8*q - 4*q = 2*o, o + 2 = s*q. List the prime factors of o.
2
What are the prime factors of (-926 - 3)*(-7 + 2)?
5, 929
Suppose -81 - 27 = 2*w. Let g = w - -64. List the prime factors of g.
2, 5
Let r = 513 + 121. List the prime factors of r.
2, 317
List the prime factors of (-36)/(((-6)/705)/(5/25)).
2, 3, 47
Suppose -20*g + 15*g = 90. List the prime factors of (-2835)/g - (-3)/18*-3.
157
Suppose 10*g = 5*g + 15. Suppose 3*v - 5*n - 221 = 0, v + 3*n - 285 = -g*v. List the prime factors of v.
2, 3
Suppose 4*i + 3*d = 5*d + 16, -4*i - 3*d + 16 = 0. What are the prime factors of (162 - i)/(2*1) - 3?
2, 19
Let a(f) = -21*f - 30. Let x be -9 - (-8 - -4 - -1). List the prime factors of a(x).
2, 3
Suppose 5*b + 0*b = 1970. Suppose -5*w + b = -46. List the prime factors of 1/(4 + (-350)/w).
2, 11
Let p(d) = 7*d - 2. Let f be p(-1). Let q = 29 + f. List the prime factors of q.
2, 5
Let j = 286 - 87. Suppose 0 = 2*s + 2*m - j + 25, 0 = -4*m + 8. List the prime factors of s.
5, 17
Suppose 48 = -2*a - 2*a. Let d be (a/2)/(-3 + 4). List the prime factors of (-4)/d - 102/(-9).
2, 3
Let x(r) = 99*r**2 - 10*r - 11. List the prime factors of x(-2).
3, 5
Let k(n) = -63*n - 767. What are the prime factors of k(-35)?
2, 719
Let o(s) = s**2 + 11*s. Let f be o(-9). Let v be 104/f - (-10)/(-45). What are the prime factors of (-81)/v + (-2)/4?
13
Suppose 0 = -3*b - 5*k + 2*k - 120, 3*b + 4*k = -120. List the prime factors of b/(-6)*330/25.
2, 11
Let g(z) = 3*z - 14. Let h be g(6). Suppose 0 = -h*y + 6*y. Suppose -i - 3*i + 68 = y. What are the prime factors of i?
17
Let l(s) = 2*s - 4. Let j be l(3). Let y be j/(-3)*3 - -2. Suppose y = -4*w + 5*m + 43, 3*w = -m + 3*m + 34. What are the prime factors of w?
2, 3
Let k = -4 - 99. Let z = k + 191. List the prime factors of z.
2, 11
Let h(v) = -v**3 + v - 140. Let t be h(0). Let m = 142 - t. List the prime factors of m.
2, 3, 47
Let w(d) = d**2 + 12*d + 11. Let f be w(-11). Suppose -12 + 0 = -j + 2*b, f = -4*j + 4*b + 28. What are the prime factors of 50/(-1)*j/(-4)?
5
Suppose 5*u - 155 = -5*g, -u + 101 = 3*g - 2*u. Suppose -g + 5 = -4*q. Let s(a) = -a + 22. What are the prime factors of s(q)?
3, 5
Let u = -787 + 2377. List the prime factors of u.
2, 3, 5, 53
Suppose -583 - 149 = -5*g + 4*i, 3*g = -5*i + 417. What are the prime factors of g?
2, 3
Let u be (45/(-10))/((-3)/16). Let x = 117 - u. Let i = x + -46. What are the prime factors of i?
47
Let u(f) = 65*f**2 - 2*f - 1. Suppose -p + 2 = -k + 4*k, -5*k = -5*p - 10. Let n be u(p). What are the prime factors of n*((-4)/(-4))/2?
3, 11
Let g(c) = 326*c**2 - 31*c + 92. What are the prime factors of g(4)?
2, 3
Let w = 543 + 145. What are the prime factors of w?
2, 43
Let d = -28 + 39. Let y(c) = 0*c - 3*c + 2*c - c**3 - c + 3 - d*c**2. List the prime factors of y(-11).
5
Suppose 2*o - 414 = -5*b, 3*b + 3*o - 252 = -0*b. Let i = -28 + b. What are the prime factors of i?
2, 3
Let w(d) = -36*d**3 - 6*d**2 - 10*d + 26. What are the prime factors of w(-5)?
2, 2213
Suppose 6*c + 328 = 22. Let r = -9 - c. What are the prime factors of r?
2, 3, 7
Let j be 4 + 0 - (-5 + 8). Let v be 49 - (j - 1 - -3). Suppose 3*y = -2*i + 46, 0 = 2*i - 2*y - 0*y - v. What are the prime factors of i?
23
Suppose 0*v + 4*h = 5*v - 1554, 927 = 3*v + 3*h. What are the prime factors of v?
2, 5, 31
Suppose 11 = j + 2*u, -5*j - u = -4*j - 8. Suppose -70 = -v + 2*p + 2*p, -4*v - j*p + 217 = 0. List the prime factors of v.
2, 29
Let f = 1250 - 46. List the prime factors of f.
2, 7, 43
Suppose -5*i - 3*y = -4*i + 36, 0 = 2*y. Let q = -13 + -12. Let p = q - i. List the prime factors of p.
11
Let x(y) be the third derivative of y**5/10 - y**4/24 - y**3/3 - 11*y**2. Let f be x(-1). List the prime factors of (f + -3)*(-19)/(-2).
19
Let o = -179 - -313. Suppose -2 = -s, 0 = 5*u - 5*s - 91 - o. List the prime factors of u.
47
Let y = 1881 - 636. List the prime factors of y.
3, 5, 83
Let t = -1547 - -2623. What are the prime factors of t?
2, 269
Suppose -27*l + 26*l + 4668 = -i, -4*l = 3*i - 18693. What are the prime factors of l?
3, 173
Let a(x) = -3*x + 9. Let m(r) = r - 5. Let f(q) = -2*a(q) - 5*m(q). Let y be f(-9). List the prime factors of 19 + (y + -1 - 0).
2
Let g = -46 + 50. Suppose 0 = 32*b - 31*b - g. What are the prime factors of b?
2
Let r(b) = 35*b - 26. Let c